7317. Give b(-95).
93
Let p(k) = -k**2 + 242*k + 4424. Calculate p(-17).
21
Let p(i) = -251*i + 723. What is p(3)?
-30
Let k(f) = 32*f + 2356. What is k(-74)?
-12
Let s(c) = -6*c**3 + 4*c**2 + 21*c - 3. What is s(-2)?
19
Let j(a) = -3*a**2 + 31*a - 64. What is j(7)?
6
Let s(t) = -3*t**2 + 42*t + 10. Calculate s(6).
154
Let p(j) = -29*j**3 + 3*j**2 + 15*j - 16. Determine p(1).
-27
Let i(f) = 507*f - 1011. Give i(2).
3
Let o(u) = -70*u**2 - 987*u - 15. Give o(-14).
83
Let r(j) = -5*j**3 - 53*j**2 - 34*j - 35. Calculate r(-10).
5
Let z(r) = 19*r + 1869. Calculate z(-97).
26
Let p(d) = -3*d**2 - 133*d - 1479. Calculate p(-22).
-5
Let n(k) = 27*k**2 + 8*k - 37. What is n(3)?
230
Let k(g) = 45*g - 259. Determine k(-6).
-529
Let p(z) = 2*z**2 + 71*z + 454. Determine p(-28).
34
Let c(n) = 995*n + 39801. Calculate c(-40).
1
Let u(i) = 17*i + 975. Calculate u(-57).
6
Let p(c) = 275*c - 31. What is p(1)?
244
Let u(r) = -r**3 + 11*r**2 - 33*r - 68. Determine u(5).
-83
Let a(t) = t**3 - 30*t**2 + 13*t + 1847. Determine a(27).
11
Let m(f) = f**2 - 21*f + 9. What is m(17)?
-59
Let h(u) = u**3 + 8*u**2 + 90*u + 894. Calculate h(-9).
3
Let r(m) = 57*m**2 + 19*m + 23. Give r(-1).
61
Let i(n) = -2*n**3 + 21*n**2 + 37*n - 13. Give i(12).
-1
Let z(q) = q**3 - 3*q**2 - 27*q + 92. What is z(4)?
0
Let d(a) = -a**3 + 104*a**2 + 316*a + 524. Give d(107).
-11
Let x(h) = 2008*h - 26096. Calculate x(13).
8
Let r(l) = 5*l**3 - l**2 - 6*l + 49. Give r(0).
49
Let k(n) = -158*n + 619. Determine k(4).
-13
Let a(f) = f**2 + 77*f - 294. Calculate a(3).
-54
Let h(o) = o**2 + 19*o - 262. Give h(10).
28
Let z(j) = -j + 11. Determine z(2).
9
Let p(a) = 757*a - 10603. Determine p(14).
-5
Let c(g) = -g**3 + 45*g**2 - 6*g + 265. What is c(45)?
-5
Let p(f) = 15*f - 815. Determine p(62).
115
Let p(o) = -108*o + 1324. Calculate p(12).
28
Let d(k) = k**2 + 69*k + 959. What is d(-50)?
9
Let w(g) = -5*g**2 - 7*g + 25. Calculate w(-6).
-113
Let f(w) = -w**3 - 8*w**2 + w + 184. What is f(0)?
184
Let n(p) = -20*p - 357. What is n(-18)?
3
Let w(i) = 22*i - 449. Determine w(21).
13
Let s(n) = -n**3 + 14*n**2 - 62*n + 302. Give s(9).
149
Let w(v) = -270*v - 56707. What is w(-210)?
-7
Let g(u) = -14*u - 406. Calculate g(-18).
-154
Let d(c) = -5*c**3 + 89*c**2 + 113*c + 12. What is d(19)?
-7
Let q(a) = 2*a**3 + 21*a**2 + 42*a + 29. What is q(-10)?
-291
Let y(n) = 2*n**2 + 28*n + 14. Calculate y(-12).
-34
Let r(k) = -15*k + 100. What is r(24)?
-260
Let j(p) = 3*p**2 - 11*p - 31. What is j(-6)?
143
Let z(l) = -7*l**2 + 48*l - 578. What is z(10)?
-798
Let s(n) = -273*n**2 + 195*n + 196. Give s(-1).
-272
Let p(k) = -71*k - 273. What is p(-5)?
82
Let c(o) = o**2 + 220*o - 3133. Give c(14).
143
Let n(s) = 13*s**2 + 616*s - 402. Calculate n(-48).
-18
Let k(y) = y**3 + 16*y**2 - 39*y - 90. Give k(-19).
-432
Let b(z) = -z**3 - z**2 - 23*z + 56. Give b(4).
-116
Let q(t) = 70*t + 541. Give q(-8).
-19
Let r(v) = 256*v**2 - 9*v + 8. Calculate r(1).
255
Let d(r) = 2*r**3 - 12*r**2 - 3*r + 6. Give d(5).
-59
Let u(f) = -13*f - 1683. Determine u(-130).
7
Let v(u) = -u**2 + 28*u - 170. Give v(19).
1
Let j(d) = -d**2 + 25*d + 72. What is j(30)?
-78
Let t(i) = 16*i - 100. Calculate t(-5).
-180
Let b(a) = -1483*a - 1504. Calculate b(-1).
-21
Let i(a) = -a**3 - 2*a**2 - 6*a - 3. Determine i(-4).
53
Let m(v) = -1601*v - 22415. Calculate m(-14).
-1
Let w(x) = -326*x - 333. What is w(-1)?
-7
Let v(x) = 118*x - 16283. Determine v(138).
1
Let z(n) = 3470*n - 100628. What is z(29)?
2
Let m(a) = 1002*a - 53099. Calculate m(53).
7
Let l(v) = -v**3 + 21*v**2 - 20*v - 25. Determine l(20).
-25
Let b(v) = 2160*v + 36702. Give b(-17).
-18
Let d(r) = 25*r - 513. Give d(19).
-38
Let l(a) = a**2 + 17*a + 21. Give l(-13).
-31
Let y(w) = w**3 - 25*w**2 + 54*w - 29. What is y(23)?
155
Let r(f) = 15*f**3 - 79*f - 80. What is r(-1)?
-16
Let o(f) = -47*f - 298. Calculate o(-9).
125
Let h(y) = 49*y + 109. What is h(-8)?
-283
Let i(g) = 10*g**2 - 634*g - 378. Give i(64).
6
Let w(t) = -146*t + 102. Determine w(0).
102
Let d(z) = 4*z - 17. Determine d(17).
51
Let y(z) = -2*z**2 - 33*z + 53. What is y(-18)?
-1
Let v(c) = c**3 + 116*c**2 + 76*c + 8813. What is v(-116)?
-3
Let l(s) = 72*s + 1360. Calculate l(-19).
-8
Let q(c) = -4*c**3 + 5*c + 11. Calculate q(2).
-11
Let w(n) = 22*n**2 + 127*n - 43. Determine w(-6).
-13
Let n(v) = 1021*v - 17347. What is n(17)?
10
Let i(z) = 3*z**2 + 1099*z + 47444. What is i(-50)?
-6
Let p(d) = -3*d**2 + 45*d - 64. Calculate p(14).
-22
Let u(n) = 4369*n - 91745. What is u(21)?
4
Let u(k) = -k**3 + 149*k**2 - 1389*k - 100. What is u(139)?
39
Let w(c) = 2*c**3 - 6*c**2 - 6*c + 40. Give w(5).
110
Let j(d) = -d**3 + 47*d**2 + 101*d - 138. What is j(49)?
9
Let z(p) = -154*p**2 - 102*p - 3. What is z(-1)?
-55
Let h(g) = -2*g**3 - 17*g**2 + 13*g + 52. What is h(-9)?
16
Let r(g) = -g**3 + 25*g**2 + 153*g - 91. Give r(30).
-1
Let g(c) = -76*c**2 + 21739*c - 858. Determine g(286).
0
Let g(t) = -t**3 + t**2 - 4*t + 3. Give g(-4).
99
Let b(k) = -k**2 + 1853*k + 41240. Calculate b(-22).
-10
Let u(w) = -5*w**2 - 360*w + 1512. Give u(-76).
-8
Let k(y) = -5*y**2 + 51*y - 75. Calculate k(8).
13
Let a(u) = -u**2 - 30*u - 160. What is a(-9)?
29
Let w(c) = -2*c**3 - 120*c**2 + 3*c + 170. What is w(-60)?
-10
Let i(j) = 765*j - 1565. Calculate i(2).
-35
Let h(d) = 2*d**2 - 145*d - 36. Give h(73).
37
Let n(c) = -23*c**2 - 4*c + 25. Give n(3).
-194
Let b(n) = -113*n - 1389. Give b(-10).
-259
Let h(f) = 104*f - 427. Give h(4).
-11
Let t(r) = -2*r**3 - 3*r**2 + 39*r + 12. Determine t(-5).
-8
Let r(z) = -3*z**2 + 21*z + 65. Calculate r(19).
-619
Let l(y) = y**2 + 14*y - 60. What is l(-18)?
12
Let r(j) = 19*j**2 - 208*j - 70. What is r(11)?
-59
Let k(w) = -752*w + 201542. What is k(268)?
6
Let s(b) = -1342*b + 44281. What is s(33)?
-5
Let d(q) = -13*q + 503. Give d(38).
9
Let c(l) = l**3 + 71*l**2 - 13*l - 883. Give c(-71).
40
Let s(j) = -18*j**2 + 4*j + 2. What is s(1)?
-12
Let z(s) = 2*s**3 - 4*s**2 + 11*s - 13. Give z(6).
341
Let w(x) = 609*x + 3031. Calculate w(-5).
-14
Let a(d) = -35041*d - 70084. Determine a(-2).
-2
Let v(d) = 3*d**2 + 36*d - 1023. Give v(17).
456
Let b(w) = -6*w**2 - 32*w + 11. What is b(-8)?
-117
Let m(c) = c**3 - 244*c**2 + 952*c + 1903. Give m(240).
-17
Let r(q) = q**3 - 11*q**2 + 17*q - 54. Give r(11).
133
Let l(p) = -56*p - 577. Calculate l(-12).
95
Let z(b) = 6*b - 289. Give z(-37).
-511
Let h(o) = -2*o**2 + 75*o - 201. What is h(3)?
6
Let i(f) = -102*f**2 + 490*f + 97. Calculate i(5).
-3
Let c(x) = -6*x**2 - 4*x + 3. Give c(-5).
-127
Let c(x) = -3*x - 88. What is c(-6)?
-70
Let j(q) = q**2 + q - 218. Give j(-16).
22
Let r(f) = -6*f**2 + 243*f - 89. Determine r(40).
31
Let c(i) = -i**3 + 73*i**2 - 294*i + 1242. What is c(69)?
0
Let j(g) = -g**2 - 17*g + 116. Calculate j(5).
6
Let w(c) = c**3 + 16*c**2 - 6*c - 13. What is w(-16)?
83
Let j(n) = 2*n**3 - 15*n**2 + 3*n - 49. Calculate j(8).
39
Let f(r) = -3*r**2 + 601*r - 3511. What is f(6)?
-13
Let h(r) = -r**3 - 17*r**2 - 18*r - 1. Calculate h(-10).
-521
Let a(j) = -5*j**2 + 118*j + 155. Calculate a(25).
-20
Let h(z) = z**2 + 186*z + 5043. Give h(-153).
-6
Let o(y) = -140*y - 1535. What is o(-11)?
5
Let g(n) = -n**3 - 19*n**2 - 66*n - 1723. Determine g(-20).
-3
Let q(k) = 10*k**2 + 4*k - 20. What is q(5)?
250
Let f(j) = -3*j**2 + 60*j - 409. What is f(13)?
-136
Let b(o) = 61*o**2 + 373*o + 40. Calculate b(-6).
-2
Let h(w) = 50*w - 5012. Give h(102).
88
Let a(f) = -f**2 + 19*f - 96. What is a(13)?
-18
Let h(s) = 12*s**2 + 100*s + 29. Give h(-8).
-3
Let k(j) = -23*j - 82. What is k(-9)?
125
Let k(h) = 8*h - 51. What is k(-3)?
-75
Let p(t) = 5*t**2 + 160*t - 230. What is p(-33)?
-65
Let x(l) = 270*l**2 - 4051*l. Give x(15).
-15
Let z(i) = -40*i**2 + 31*i + 1. Calculate z(2).
-97
Let w(z) = 307*z + 5066. What is w(-16)?
154
Let h(p) = 69*p - 189. Give h(4).
87
Let y(z) = -9*z - 1. Determine y(4).
-37
Let t(j) = -j**2 - 4*j + 281. Give t(15).
-4
Let m(q) = -24*q + 47. What is m(13)?
-265
Let n(k) = k**2 + 129*k - 384. Calculate n(3).
12
Let h(o) = 6*o**2 + o + 49. Calculate h(-4).
141
Let x(b) = 63*b + 275. What is x(-6)?
-103
Let b(t) = -229*t + 1847. Give b(8).
15
Let w(q) = -q**3 - 82*q**2 - 318*q - 675. Give w(-78).
-207
Let z(k) = -19*k**3 - 192*k**2 - 13*k + 